{"id":16196,"date":"2021-06-30T18:53:52","date_gmt":"2021-06-30T16:53:52","guid":{"rendered":"https:\/\/galleriaduepuntozero.com\/prodotto\/cavallo-bianco\/"},"modified":"2021-06-30T18:53:52","modified_gmt":"2021-06-30T16:53:52","slug":"cavallo-bianco","status":"publish","type":"product","link":"https:\/\/galleria20service.com\/en\/prodotto\/cavallo-bianco\/","title":{"rendered":"Cavallo bianco"},"content":{"rendered":"<p>Aligi Sassu, giovane futurista entr\u00f2 nel movimento con un onda di entusiasmo e riconoscimenti dai pi\u00f9 stimati personaggi dello stesso periodo storico come Filippo Tomaso Marinetti, che lo invit\u00f2 a partecipare alla Biennale di Venezia nel 1928. Collabor\u00f2 con Munari e Carlo Carr\u00e0 recens\u00ec la sua prima personale. Il suo capolavoro I martiri di Piazzale Loreto, fu acquistato dall&#8217;importante storico e critico dell&#8217;arte Giulio Carlo Argan che introdusse l&#8217;opera nella Galleria Nazione d&#8217;Arte Moderna e Contemporanea. Fortemente antifascista e vicino ai partigiani spagnoli, il pittore milanese trov\u00f2 non pochi intralci nel suo percorso, ma ci\u00f2 non tolse che il suo forte desiderio di rivendicare la libert\u00e0 d&#8217;espressione artistica lo port\u00f2 a studiare artisti come Delacroix, Picasso e Diego Rivera.<\/p>\n","protected":false},"excerpt":{"rendered":"<p>L&#8217;artista segue non poche passioni nella sua vita, nella pittura in particolare, rappresenter\u00e0 forti scene di guerra dove si trovano le vittime dello scempio del ventennio fascista, come a suo tempo aveva fatto Goya, e in controparte emerge l&#8217;amore per i cavalli, colti spesso in questi paesaggi dai colori surreali, liberi di correre nello spazio sterminato attorno, che per documentazione sappiamo rappresentare il periodo in cui con la famiglia Aligi visse in Sardegna. La sterminata collezione dei &#8220;Cavalli&#8221; di Sassu divenne suo marchio e simbolo che ancora oggi lo ricorda.<\/p>\n","protected":false},"featured_media":6224,"template":"","meta":{"_acf_changed":false,"rank_math_lock_modified_date":false},"product_cat":[433],"product_tag":[],"class_list":{"0":"post-16196","1":"product","2":"type-product","3":"status-publish","4":"has-post-thumbnail","6":"product_cat-aligi-sassu-en","7":"pa_dipinto-olio-su-tela-e-tecnica-mista-en","9":"first","10":"instock","11":"shipping-taxable","12":"product-type-simple"},"acf":[],"_links":{"self":[{"href":"https:\/\/galleria20service.com\/en\/wp-json\/wp\/v2\/product\/16196"}],"collection":[{"href":"https:\/\/galleria20service.com\/en\/wp-json\/wp\/v2\/product"}],"about":[{"href":"https:\/\/galleria20service.com\/en\/wp-json\/wp\/v2\/types\/product"}],"wp:featuredmedia":[{"embeddable":true,"href":"https:\/\/galleria20service.com\/en\/wp-json\/wp\/v2\/media\/6224"}],"wp:attachment":[{"href":"https:\/\/galleria20service.com\/en\/wp-json\/wp\/v2\/media?parent=16196"}],"wp:term":[{"taxonomy":"product_cat","embeddable":true,"href":"https:\/\/galleria20service.com\/en\/wp-json\/wp\/v2\/product_cat?post=16196"},{"taxonomy":"product_tag","embeddable":true,"href":"https:\/\/galleria20service.com\/en\/wp-json\/wp\/v2\/product_tag?post=16196"}],"curies":[{"name":"wp","href":"https:\/\/api.w.org\/{rel}","templated":true}]}}

<p>Aligi Sassu, giovane futurista entrò nel movimento con un onda di entusiasmo e riconoscimenti dai più stimati personaggi dello stesso periodo storico come Filippo Tomaso Marinetti, che lo invitò a partecipare alla Biennale di Venezia nel 1928. Collaborò con Munari e Carlo Carrà recensì la sua prima personale. Il suo capolavoro I martiri di Piazzale Loreto, fu acquistato dall&#8217;importante storico e critico dell&#8217;arte Giulio Carlo Argan che introdusse l&#8217;opera nella Galleria Nazione d&#8217;Arte Moderna e Contemporanea. Fortemente antifascista e vicino ai partigiani spagnoli, il pittore milanese trovò non pochi intralci nel suo percorso, ma ciò non tolse che il suo forte desiderio di rivendicare la libertà d&#8217;espressione artistica lo portò a studiare artisti come Delacroix, Picasso e Diego Rivera.</p>

<p>L&#8217;artista segue non poche passioni nella sua vita, nella pittura in particolare, rappresenterà forti scene di guerra dove si trovano le vittime dello scempio del ventennio fascista, come a suo tempo aveva fatto Goya, e in controparte emerge l&#8217;amore per i cavalli, colti spesso in questi paesaggi dai colori surreali, liberi di correre nello spazio sterminato attorno, che per documentazione sappiamo rappresentare il periodo in cui con la famiglia Aligi visse in Sardegna. La sterminata collezione dei &#8220;Cavalli&#8221; di Sassu divenne suo marchio e simbolo che ancora oggi lo ricorda.</p>
