{"id":15851,"date":"2023-01-23T11:15:15","date_gmt":"2023-01-23T10:15:15","guid":{"rendered":"https:\/\/galleriaduepuntozero.com\/prodotto\/world-hold-on\/"},"modified":"2023-01-23T11:15:15","modified_gmt":"2023-01-23T10:15:15","slug":"world-hold-on","status":"publish","type":"product","link":"https:\/\/galleria20service.com\/en\/prodotto\/world-hold-on\/","title":{"rendered":"WORLD, HOLD ON"},"content":{"rendered":"<h3><strong>SPECIFICHE \/ <\/strong><span style=\"color: #808080;\"><strong>DETAILS<\/strong><\/span><\/h3>\n<p style=\"text-align: left;\"><strong>Arte digitale stampata come foto Fine Art su tela. <\/strong><\/p>\n<p style=\"text-align: left;\"><strong><em>Digital Art printed as Fine Art photographs on canvas.<\/em><\/strong><\/p>\n<p style=\"text-align: left;\"><strong>34 x 45 cm | 2022<\/strong><\/p>\n<p>&nbsp;<\/p>\n<h3><strong>_STATEMENT<\/strong><\/h3>\n<div class=\"page\" title=\"Page 8\">\n<div class=\"section\">\n<div class=\"layoutArea\">\n<div class=\"column\">\n<p>L\u2019opera rappresenta un\u2019immagine di s\u00e9 nel mondo contemporaneo, in continua evoluzione e che va troppo veloce. \u00c8 una lotta interiore senza fine per mettersi al passo con gli sviluppi tecnologici o socio-culturali in corso, dimenticando allo stesso tempo i bisogni umani fondamentali. E seguire quei cambiamenti porta inevitabilmente via gli ultimi granelli di umanit\u00e0 in noi, creando creature distorte egocentriche.<\/p>\n<p>\u00c8 un messaggio per rallentare e recuperare i fondamenti di ci\u00f2 che significa essere umani. \u00c8 un\u2019ingenua idea altruistica, un ululato intimidito in un tentativo disperato di riconoscere e aggrapparsi alle nostre vere basi e al nostro vero io.<\/p>\n<p>&nbsp;<\/p>\n<\/div>\n<\/div>\n<\/div>\n<\/div>\n<h3><span style=\"color: #808080;\"><strong>_STATEMENT<\/strong><\/span><\/h3>\n<div class=\"page\" title=\"Page 8\">\n<div class=\"section\">\n<div class=\"layoutArea\">\n<div class=\"column\">\n<p><em>The work represents a self-image in the contemporary ever-changing world going too fast. Its an endless inner fight to catch up with ongoing technological or socio-cultural developments, in the same time forgetting basic human needs. And tagging along with those changes inevitably take the last grains of huamane in us, creating distorted self-centered creatures. <\/em><\/p>\n<p><em>Its a message to slow down and reclaim the fundaments of what means being a human. Its a naive altruistic idea, an intimidated howl in a desparate attempt to recognize and hold on to our true basis and true selves.<\/em><\/p>\n<\/div>\n<\/div>\n<div class=\"layoutArea\">\n<div class=\"column\">\n<p>&nbsp;<\/p>\n<\/div>\n<\/div>\n<\/div>\n<\/div>\n<p><!--more--><\/p>\n<h3><strong>_BIOGRAFIA<\/strong><\/h3>\n<div class=\"page\" title=\"Page 8\">\n<div class=\"section\">\n<div class=\"layoutArea\">\n<div class=\"column\">\n<p><a href=\"https:\/\/ivanbjorn.com\/\" rel=\"nofollow noopener\" target=\"_blank\"><strong><span style=\"color: #ff0000;\">lvan Terzic in arte Ivan Bj\u00f8rn<\/span><\/strong><\/a> e\u0300 un artista digitale contemporaneo di 42 anni, attualmente residente in Serbia. Ha lavorato come grafico e illustratore negli ultimi 20 anni e ha realizzato oltre 500 pubblicazioni per copertine di libri e riviste in tutto il mondo. La sua principale attenzione e\u0300 sempre stata rivolta alla pittura, all\u2019arte astratta e agli aspetti sociali e culturali del comportamento umano nel corso della storia. Il suo lavoro digitale e\u0300 piuttosto un\u2019osservazione, una percezione del mondo moderno in tutta la sua crudelta\u0300 e brutalita\u0300.<\/p>\n<p>La paura delle conseguenze dell\u2019imprevisto potrebbe essere un motivo principale dal punto di vista introspettivo in alcuni dei suoi lavori.<\/p>\n<p>Da qui la sua decisione di ritirarsi e tuffarsi nell\u2019astratto.<\/p>\n<p>&nbsp;<\/p>\n<\/div>\n<\/div>\n<\/div>\n<\/div>\n<h3><span style=\"color: #808080;\"><strong>_BIOGRAPHY<\/strong><\/span><\/h3>\n<div class=\"page\" title=\"Page 8\">\n<div class=\"section\">\n<div class=\"layoutArea\">\n<div class=\"column\">\n<p><a href=\"https:\/\/ivanbjorn.com\/\" rel=\"nofollow noopener\" target=\"_blank\"><strong><span style=\"color: #ff0000;\">lvan Terzic in arte Ivan Bj\u00f8rn<\/span><\/strong><\/a> is a 42 years old contemporary digital artist, currently based in Serbia. He has been working as a graphic designer and illustrator in the last 20 years and has done over 500 publications for book and magazine covers world wide. Yet, his main focus of attention has always been aimed towards painting, abstract art and social and cultural aspects of human behaviour throughout history.<\/p>\n<p>His digital work is rather an observation, a perception of the modern world in all of its cruelty and brutality.<br \/>\nFear of consequences of unforeseen could be a main motiff for introspective viewpoint in some of his work.<\/p>\n<p>Hence his decision to withdraw and dive into the abstract.<\/p>\n<\/div>\n<\/div>\n<\/div>\n<\/div>\n","protected":false},"excerpt":{"rendered":"<p>SPECIFICHE \/ DETAILS Arte digitale stampata come foto Fine Art su tela. Digital Art printed as Fine Art photographs on canvas. 34 x 45 cm | 2022 &nbsp; _STATEMENT L\u2019opera rappresenta un\u2019immagine di s\u00e9 nel mondo contemporaneo, in continua evoluzione e che va troppo veloce. \u00c8 una lotta interiore senza fine per mettersi al passo [&hellip;]<\/p>\n","protected":false},"featured_media":6676,"template":"","meta":{"_acf_changed":false,"rank_math_lock_modified_date":false},"product_cat":[292],"product_tag":[381,320,276],"class_list":{"0":"post-15851","1":"product","2":"type-product","3":"status-publish","4":"has-post-thumbnail","6":"product_cat-ivan-bjorn-en","7":"product_tag-improntedarte2022-en","8":"product_tag-opere-artisti-en","9":"product_tag-opere-eventi-en","11":"first","12":"outofstock","13":"shipping-taxable","14":"product-type-simple"},"acf":[],"_links":{"self":[{"href":"https:\/\/galleria20service.com\/en\/wp-json\/wp\/v2\/product\/15851"}],"collection":[{"href":"https:\/\/galleria20service.com\/en\/wp-json\/wp\/v2\/product"}],"about":[{"href":"https:\/\/galleria20service.com\/en\/wp-json\/wp\/v2\/types\/product"}],"wp:featuredmedia":[{"embeddable":true,"href":"https:\/\/galleria20service.com\/en\/wp-json\/wp\/v2\/media\/6676"}],"wp:attachment":[{"href":"https:\/\/galleria20service.com\/en\/wp-json\/wp\/v2\/media?parent=15851"}],"wp:term":[{"taxonomy":"product_cat","embeddable":true,"href":"https:\/\/galleria20service.com\/en\/wp-json\/wp\/v2\/product_cat?post=15851"},{"taxonomy":"product_tag","embeddable":true,"href":"https:\/\/galleria20service.com\/en\/wp-json\/wp\/v2\/product_tag?post=15851"}],"curies":[{"name":"wp","href":"https:\/\/api.w.org\/{rel}","templated":true}]}}

<h3><strong>SPECIFICHE / </strong><span style="color: #808080;"><strong>DETAILS</strong></span></h3>
<p style="text-align: left;"><strong>Arte digitale stampata come foto Fine Art su tela. </strong></p>
<p style="text-align: left;"><strong><em>Digital Art printed as Fine Art photographs on canvas.</em></strong></p>
<p style="text-align: left;"><strong>34 x 45 cm | 2022</strong></p>
<p>&nbsp;</p>
<h3><strong>_STATEMENT</strong></h3>
<div class="page" title="Page 8">
<div class="section">
<div class="layoutArea">
<div class="column">
<p>L’opera rappresenta un’immagine di sé nel mondo contemporaneo, in continua evoluzione e che va troppo veloce. È una lotta interiore senza fine per mettersi al passo con gli sviluppi tecnologici o socio-culturali in corso, dimenticando allo stesso tempo i bisogni umani fondamentali. E seguire quei cambiamenti porta inevitabilmente via gli ultimi granelli di umanità in noi, creando creature distorte egocentriche.</p>
<p>È un messaggio per rallentare e recuperare i fondamenti di ciò che significa essere umani. È un’ingenua idea altruistica, un ululato intimidito in un tentativo disperato di riconoscere e aggrapparsi alle nostre vere basi e al nostro vero io.</p>
<p>&nbsp;</p>
</div>
</div>
</div>
</div>
<h3><span style="color: #808080;"><strong>_STATEMENT</strong></span></h3>
<div class="page" title="Page 8">
<div class="section">
<div class="layoutArea">
<div class="column">
<p><em>The work represents a self-image in the contemporary ever-changing world going too fast. Its an endless inner fight to catch up with ongoing technological or socio-cultural developments, in the same time forgetting basic human needs. And tagging along with those changes inevitably take the last grains of huamane in us, creating distorted self-centered creatures. </em></p>
<p><em>Its a message to slow down and reclaim the fundaments of what means being a human. Its a naive altruistic idea, an intimidated howl in a desparate attempt to recognize and hold on to our true basis and true selves.</em></p>
</div>
</div>
<div class="layoutArea">
<div class="column">
<p>&nbsp;</p>
</div>
</div>
</div>
</div>
<p><!--more--></p>
<h3><strong>_BIOGRAFIA</strong></h3>
<div class="page" title="Page 8">
<div class="section">
<div class="layoutArea">
<div class="column">
<p><a href="https://ivanbjorn.com/" rel="nofollow noopener" target="_blank"><strong><span style="color: #ff0000;">lvan Terzic in arte Ivan Bjørn</span></strong></a> è un artista digitale contemporaneo di 42 anni, attualmente residente in Serbia. Ha lavorato come grafico e illustratore negli ultimi 20 anni e ha realizzato oltre 500 pubblicazioni per copertine di libri e riviste in tutto il mondo. La sua principale attenzione è sempre stata rivolta alla pittura, all’arte astratta e agli aspetti sociali e culturali del comportamento umano nel corso della storia. Il suo lavoro digitale è piuttosto un’osservazione, una percezione del mondo moderno in tutta la sua crudeltà e brutalità.</p>
<p>La paura delle conseguenze dell’imprevisto potrebbe essere un motivo principale dal punto di vista introspettivo in alcuni dei suoi lavori.</p>
<p>Da qui la sua decisione di ritirarsi e tuffarsi nell’astratto.</p>
<p>&nbsp;</p>
</div>
</div>
</div>
</div>
<h3><span style="color: #808080;"><strong>_BIOGRAPHY</strong></span></h3>
<div class="page" title="Page 8">
<div class="section">
<div class="layoutArea">
<div class="column">
<p><a href="https://ivanbjorn.com/" rel="nofollow noopener" target="_blank"><strong><span style="color: #ff0000;">lvan Terzic in arte Ivan Bjørn</span></strong></a> is a 42 years old contemporary digital artist, currently based in Serbia. He has been working as a graphic designer and illustrator in the last 20 years and has done over 500 publications for book and magazine covers world wide. Yet, his main focus of attention has always been aimed towards painting, abstract art and social and cultural aspects of human behaviour throughout history.</p>
<p>His digital work is rather an observation, a perception of the modern world in all of its cruelty and brutality.<br />
Fear of consequences of unforeseen could be a main motiff for introspective viewpoint in some of his work.</p>
<p>Hence his decision to withdraw and dive into the abstract.</p>
</div>
</div>
</div>
</div>

<p>SPECIFICHE / DETAILS Arte digitale stampata come foto Fine Art su tela. Digital Art printed as Fine Art photographs on canvas. 34 x 45 cm | 2022 &nbsp; _STATEMENT L’opera rappresenta un’immagine di sé nel mondo contemporaneo, in continua evoluzione e che va troppo veloce. È una lotta interiore senza fine per mettersi al passo [&hellip;]</p>
