{"id":15810,"date":"2023-01-24T16:57:08","date_gmt":"2023-01-24T15:57:08","guid":{"rendered":"https:\/\/galleriaduepuntozero.com\/prodotto\/memorie-da-un-tramonto-cadiz-summer\/"},"modified":"2023-01-24T16:57:08","modified_gmt":"2023-01-24T15:57:08","slug":"memorie-da-un-tramonto-cadiz-summer","status":"publish","type":"product","link":"https:\/\/galleria20service.com\/en\/prodotto\/memorie-da-un-tramonto-cadiz-summer\/","title":{"rendered":"MEMORIE DA UN TRAMONTO (CADIZ SUMMER)"},"content":{"rendered":"<h3><strong>SPECIFICHE \/ <\/strong><span style=\"color: #808080;\"><strong>DETAILS<\/strong><\/span><\/h3>\n<section class=\"elementor-section elementor-top-section elementor-element elementor-element-13ac6c3 elementor-section-boxed elementor-section-height-default elementor-section-height-default parallax_section_no qode_elementor_container_no\" data-id=\"13ac6c3\" data-element_type=\"section\">\n<div class=\"elementor-container elementor-column-gap-default\">\n<div class=\"elementor-column elementor-col-100 elementor-top-column elementor-element elementor-element-863006f\" data-id=\"863006f\" data-element_type=\"column\">\n<div class=\"elementor-widget-wrap elementor-element-populated\">\n<div class=\"elementor-element elementor-element-179a850 elementor-widget elementor-widget-text-editor\" data-id=\"179a850\" data-element_type=\"widget\" data-widget_type=\"text-editor.default\">\n<div class=\"elementor-widget-container\">\n<p>Acrilico e stucco su tela.<em>\u00a0 Acrylic painting and plaster on canvas<br \/>\n<\/em>100 x 70 cm | 2020<\/p>\n<p>&nbsp;<\/p>\n<h3><strong>_STATEMENT<\/strong><\/h3>\n<\/div>\n<\/div>\n<\/div>\n<\/div>\n<\/div>\n<\/section>\n<p><em>\u201cNel mio lavoro pittorico, sono accompagnato dalla musica e dalla natura. Il dipinto \u00e8 stato realizzato immerso nei boschi del Trentino, attorniato dal profumo degli alberi autunnali, dal contrasto tra il silenzio dell\u2019ambiente montano e la tensione sincopata della musica jazz. Questo contenitore fisico ed emotivo funge da filtro e supporto per frammenti di memoria, per un ricordo, per un tempo, un momento, cos\u00ec vicino, cos\u00ec lontano. Per sempre eterno.\u201d<\/em><\/p>\n<p>Nelle sue opere Francesco Manetti riunisce tutto ci\u00f2 che assimila nella vita di tutti i giorni, tanto in termini visivi ed uditivi quanto emotivi. Questo costante groviglio di elementi \u00e8 da lui astrattamente tradotto e sintetizzato visivamente in immagini volutamente non figurative, ma visivamente poetiche. Codici e mappature del mondo circostante sintetizzate in emozioni stratificate che diventano gesto e colore. Delicatezza e gesto rude. Il richiamo della bellezza, attraverso il colore, componendo per contrasto. \u00c8 la ricerca dell\u2019equilibrio tra ordine e caos che lo spinge a creare dipinti.<\/p>\n<p>L\u2019artista\u00a0lavora principalmente con la pittura acrilica su tela, preparata con un primo strato di stucco, il quale rappresenta un vero e proprio primo passo nella realizzazione dell\u2019opera d\u2019arte. Lo stucco rende la tela una superficie pi\u00f9 lavorabile che pu\u00f2 essere scolpita, rigata, consumata: \u00e8 come conferirle un \u201cprimo livello di anima\u201d. Le opere acquisiscono poi gli altri \u201clivelli dell\u2019anima\u201d con una stratificazione di pi\u00f9 strati, dove ognuno di essi rappresenta un passo diverso nel completamento dell\u2019opera: una intricata combinazione di colori, segni e graffi che va a comporre l\u2019unico e definitivo corpo dell\u2019opera.<\/p>\n<p>&nbsp;<\/p>\n<h3><span style=\"color: #808080;\"><strong>_STATEMENT<\/strong><\/span><\/h3>\n<p><em>\u201cIn my pictorial work, I am accompanied by music and nature. The painting was created surrounded by the forests of Trentino, by the scent of autumn trees, by the contrast between the silence of the mountain environment and the syncopated tension of jazz music. This physical and emotional container acted as a filter and support for fragments of memory, for a memory, for a time, a moment, so close, so far away. Forever eternal.\u201d<\/em><\/p>\n<p>In his artworks Francesco Manetti brings together everything that he assimilates in everyday life, both in visual, auditory and emotional terms. This constant tangle of elements is abstractly translated and visually synthesized by him into images that are deliberately not figurative, but visually poetic. Codes and mappings of the surrounding world summarized in layered emotions that become gesture and color. Delicacy and rude gesture. The call of beauty, through color, composing by contrast. It is the search for the balance between order and chaos that drives him to create paintings.<\/p>\n<p>The artist mainly works with acrylic painting on canvas, that is prepared with a first layer of plaster that represents a real first step in the creation of the artwork. The plaster makes the canvas a more processable surface that can be carved, ribbed, consumed: it\u2019s like to give it a \u201cfirst level of soul\u201d. The artworks then acquires the other \u201csoul\u2019s levels\u201d with a stratification of multiple layers, where each one of them represents a different step in the completion of the work: an intricate combination of colors, marks and scratches that goes to compone the unique and final body of the opera.<\/p>\n<p>&nbsp;<\/p>\n<p>&nbsp;<\/p>\n<p><!--more--><\/p>\n<h3><strong>_BIOGRAFIA<\/strong><\/h3>\n<div class=\"page\" title=\"Page 8\">\n<div class=\"section\">\n<div class=\"layoutArea\">\n<div class=\"column\">\n<p>Nato a Livorno il 13 settembre 1982, Francesco Manetti \u00e8 cresciuto con un profondo senso di devozione per l\u2019Arte, in particolare alle arti visive. Sin da principio ha coltivato l\u2019amore per il disegno e la pittura, per la grafica e l\u2019illustrazione.<\/p>\n<p>All\u2019et\u00e0 di 20 anni inizia a comporre le sue prime opere con maggiore dedizione e ricerca approfondita, fortemente ispirato dal lavoro di maestri contemporanei come Jean Michel Basquiat, Mark Rothko, Jean Dubufet e Cy Twombly, solo per citarne alcuni. All\u2019et\u00e0 di 23 anni inizia lo studio delle arti visive all\u2019Accademia di Belle Arti di Carrara (Italia), dove sviluppa quel connubio di tecniche e discipline che caratterizzer\u00e0 poi il suo futuro progetto artistico.<\/p>\n<p>Nella prima fase della sua carriera artistica, parallelamente alla pittura, ha dedicato una particolare attenzione al mondo dell\u2019illustrazione, a cui ha dedicato la sua tesi di laurea, svoltasi nel 2010. Ha lavorato assiduamente nel campo dell\u2019illustrazione collaborando con diverse case editrici specializzate in libri illustrati per bambini. Allo stesso tempo, ha portato avanti il suo progetto pittorico, attraverso mostre collettive e personali, in un \u201cwork in progress\u201d in continua evoluzione che lo ha portato al suo attuale percorso artistico basato sullo stile dell\u2019espressionismo astratto, terreno fertile per una totale libera espressione artistica ed esistenziale.<\/p>\n<p>&nbsp;<\/p>\n<\/div>\n<\/div>\n<\/div>\n<\/div>\n<h3><span style=\"color: #808080;\"><strong>_BIOGRAPHY<\/strong><\/span><\/h3>\n<div class=\"page\" title=\"Page 8\">\n<div class=\"section\">\n<div class=\"layoutArea\">\n<div class=\"column\">\n<p>Born in Livorno, Tuscany, Italy, September the 13, 1982, Francesco Manetti grew up devoted to Art, especially the visual arts.<\/p>\n<p>Since the beginning he nurtured a love for drawing and painting, for graphics and illustration. At the age of 20 he started composing his first works with greater dedication and in-depth research, strongly inspired by the work of contemporary masters such as Jean Michel Basquiat, Mark Rothko, Jean Dubuffet, Franz Kline and Cy Twombly, just to name the most important. At the age of 23 he started studying visual arts at the Academy of Fine Arts in Carrara (Italy), where he developed that combination of techniques and disciplines that then characterized his future artistic project.<\/p>\n<p>In his early artistic career, parallel to the painting, he dedicated a particular attention to the world of illustration, to which he dedicated his degree thesis, which took place in 2010. He has worked assiduously in the field of illustration collaborating with various publishing houses specialized in illustrated books for children. At the same time, he has carried on his pictorial project, through collective and solo exhibitions, in a constant evolutive \u201cwork in progress\u201d that has led him to his actual artistic way based on the abstract expressionism style, a fertile ground for a totally free artistic and existential expression.<\/p>\n<\/div>\n<\/div>\n<\/div>\n<\/div>\n","protected":false},"excerpt":{"rendered":"<p>SPECIFICHE \/ DETAILS Acrilico e stucco su tela.\u00a0 Acrylic painting and plaster on canvas 100 x 70 cm | 2020 &nbsp; _STATEMENT \u201cNel mio lavoro pittorico, sono accompagnato dalla musica e dalla natura. Il dipinto \u00e8 stato realizzato immerso nei boschi del Trentino, attorniato dal profumo degli alberi autunnali, dal contrasto tra il silenzio dell\u2019ambiente [&hellip;]<\/p>\n","protected":false},"featured_media":6690,"template":"","meta":{"_acf_changed":false,"rank_math_lock_modified_date":false},"product_cat":[399],"product_tag":[381,276],"class_list":{"0":"post-15810","1":"product","2":"type-product","3":"status-publish","4":"has-post-thumbnail","6":"product_cat-francesco-manetti-en","7":"product_tag-improntedarte2022-en","8":"product_tag-opere-eventi-en","10":"first","11":"instock","12":"shipping-taxable","13":"product-type-simple"},"acf":[],"_links":{"self":[{"href":"https:\/\/galleria20service.com\/en\/wp-json\/wp\/v2\/product\/15810"}],"collection":[{"href":"https:\/\/galleria20service.com\/en\/wp-json\/wp\/v2\/product"}],"about":[{"href":"https:\/\/galleria20service.com\/en\/wp-json\/wp\/v2\/types\/product"}],"wp:featuredmedia":[{"embeddable":true,"href":"https:\/\/galleria20service.com\/en\/wp-json\/wp\/v2\/media\/6690"}],"wp:attachment":[{"href":"https:\/\/galleria20service.com\/en\/wp-json\/wp\/v2\/media?parent=15810"}],"wp:term":[{"taxonomy":"product_cat","embeddable":true,"href":"https:\/\/galleria20service.com\/en\/wp-json\/wp\/v2\/product_cat?post=15810"},{"taxonomy":"product_tag","embeddable":true,"href":"https:\/\/galleria20service.com\/en\/wp-json\/wp\/v2\/product_tag?post=15810"}],"curies":[{"name":"wp","href":"https:\/\/api.w.org\/{rel}","templated":true}]}}

<h3><strong>SPECIFICHE / </strong><span style="color: #808080;"><strong>DETAILS</strong></span></h3>
<section class="elementor-section elementor-top-section elementor-element elementor-element-13ac6c3 elementor-section-boxed elementor-section-height-default elementor-section-height-default parallax_section_no qode_elementor_container_no" data-id="13ac6c3" data-element_type="section">
<div class="elementor-container elementor-column-gap-default">
<div class="elementor-column elementor-col-100 elementor-top-column elementor-element elementor-element-863006f" data-id="863006f" data-element_type="column">
<div class="elementor-widget-wrap elementor-element-populated">
<div class="elementor-element elementor-element-179a850 elementor-widget elementor-widget-text-editor" data-id="179a850" data-element_type="widget" data-widget_type="text-editor.default">
<div class="elementor-widget-container">
<p>Acrilico e stucco su tela.<em>  Acrylic painting and plaster on canvas<br />
</em>100 x 70 cm | 2020</p>
<p>&nbsp;</p>
<h3><strong>_STATEMENT</strong></h3>
</div>
</div>
</div>
</div>
</div>
</section>
<p><em>“Nel mio lavoro pittorico, sono accompagnato dalla musica e dalla natura. Il dipinto è stato realizzato immerso nei boschi del Trentino, attorniato dal profumo degli alberi autunnali, dal contrasto tra il silenzio dell’ambiente montano e la tensione sincopata della musica jazz. Questo contenitore fisico ed emotivo funge da filtro e supporto per frammenti di memoria, per un ricordo, per un tempo, un momento, così vicino, così lontano. Per sempre eterno.”</em></p>
<p>Nelle sue opere Francesco Manetti riunisce tutto ciò che assimila nella vita di tutti i giorni, tanto in termini visivi ed uditivi quanto emotivi. Questo costante groviglio di elementi è da lui astrattamente tradotto e sintetizzato visivamente in immagini volutamente non figurative, ma visivamente poetiche. Codici e mappature del mondo circostante sintetizzate in emozioni stratificate che diventano gesto e colore. Delicatezza e gesto rude. Il richiamo della bellezza, attraverso il colore, componendo per contrasto. È la ricerca dell’equilibrio tra ordine e caos che lo spinge a creare dipinti.</p>
<p>L’artista lavora principalmente con la pittura acrilica su tela, preparata con un primo strato di stucco, il quale rappresenta un vero e proprio primo passo nella realizzazione dell’opera d’arte. Lo stucco rende la tela una superficie più lavorabile che può essere scolpita, rigata, consumata: è come conferirle un “primo livello di anima”. Le opere acquisiscono poi gli altri “livelli dell’anima” con una stratificazione di più strati, dove ognuno di essi rappresenta un passo diverso nel completamento dell’opera: una intricata combinazione di colori, segni e graffi che va a comporre l’unico e definitivo corpo dell’opera.</p>
<p>&nbsp;</p>
<h3><span style="color: #808080;"><strong>_STATEMENT</strong></span></h3>
<p><em>“In my pictorial work, I am accompanied by music and nature. The painting was created surrounded by the forests of Trentino, by the scent of autumn trees, by the contrast between the silence of the mountain environment and the syncopated tension of jazz music. This physical and emotional container acted as a filter and support for fragments of memory, for a memory, for a time, a moment, so close, so far away. Forever eternal.”</em></p>
<p>In his artworks Francesco Manetti brings together everything that he assimilates in everyday life, both in visual, auditory and emotional terms. This constant tangle of elements is abstractly translated and visually synthesized by him into images that are deliberately not figurative, but visually poetic. Codes and mappings of the surrounding world summarized in layered emotions that become gesture and color. Delicacy and rude gesture. The call of beauty, through color, composing by contrast. It is the search for the balance between order and chaos that drives him to create paintings.</p>
<p>The artist mainly works with acrylic painting on canvas, that is prepared with a first layer of plaster that represents a real first step in the creation of the artwork. The plaster makes the canvas a more processable surface that can be carved, ribbed, consumed: it’s like to give it a “first level of soul”. The artworks then acquires the other “soul’s levels” with a stratification of multiple layers, where each one of them represents a different step in the completion of the work: an intricate combination of colors, marks and scratches that goes to compone the unique and final body of the opera.</p>
<p>&nbsp;</p>
<p>&nbsp;</p>
<p><!--more--></p>
<h3><strong>_BIOGRAFIA</strong></h3>
<div class="page" title="Page 8">
<div class="section">
<div class="layoutArea">
<div class="column">
<p>Nato a Livorno il 13 settembre 1982, Francesco Manetti è cresciuto con un profondo senso di devozione per l’Arte, in particolare alle arti visive. Sin da principio ha coltivato l’amore per il disegno e la pittura, per la grafica e l’illustrazione.</p>
<p>All’età di 20 anni inizia a comporre le sue prime opere con maggiore dedizione e ricerca approfondita, fortemente ispirato dal lavoro di maestri contemporanei come Jean Michel Basquiat, Mark Rothko, Jean Dubufet e Cy Twombly, solo per citarne alcuni. All’età di 23 anni inizia lo studio delle arti visive all’Accademia di Belle Arti di Carrara (Italia), dove sviluppa quel connubio di tecniche e discipline che caratterizzerà poi il suo futuro progetto artistico.</p>
<p>Nella prima fase della sua carriera artistica, parallelamente alla pittura, ha dedicato una particolare attenzione al mondo dell’illustrazione, a cui ha dedicato la sua tesi di laurea, svoltasi nel 2010. Ha lavorato assiduamente nel campo dell’illustrazione collaborando con diverse case editrici specializzate in libri illustrati per bambini. Allo stesso tempo, ha portato avanti il suo progetto pittorico, attraverso mostre collettive e personali, in un “work in progress” in continua evoluzione che lo ha portato al suo attuale percorso artistico basato sullo stile dell’espressionismo astratto, terreno fertile per una totale libera espressione artistica ed esistenziale.</p>
<p>&nbsp;</p>
</div>
</div>
</div>
</div>
<h3><span style="color: #808080;"><strong>_BIOGRAPHY</strong></span></h3>
<div class="page" title="Page 8">
<div class="section">
<div class="layoutArea">
<div class="column">
<p>Born in Livorno, Tuscany, Italy, September the 13, 1982, Francesco Manetti grew up devoted to Art, especially the visual arts.</p>
<p>Since the beginning he nurtured a love for drawing and painting, for graphics and illustration. At the age of 20 he started composing his first works with greater dedication and in-depth research, strongly inspired by the work of contemporary masters such as Jean Michel Basquiat, Mark Rothko, Jean Dubuffet, Franz Kline and Cy Twombly, just to name the most important. At the age of 23 he started studying visual arts at the Academy of Fine Arts in Carrara (Italy), where he developed that combination of techniques and disciplines that then characterized his future artistic project.</p>
<p>In his early artistic career, parallel to the painting, he dedicated a particular attention to the world of illustration, to which he dedicated his degree thesis, which took place in 2010. He has worked assiduously in the field of illustration collaborating with various publishing houses specialized in illustrated books for children. At the same time, he has carried on his pictorial project, through collective and solo exhibitions, in a constant evolutive “work in progress” that has led him to his actual artistic way based on the abstract expressionism style, a fertile ground for a totally free artistic and existential expression.</p>
</div>
</div>
</div>
</div>

<p>SPECIFICHE / DETAILS Acrilico e stucco su tela.  Acrylic painting and plaster on canvas 100 x 70 cm | 2020 &nbsp; _STATEMENT “Nel mio lavoro pittorico, sono accompagnato dalla musica e dalla natura. Il dipinto è stato realizzato immerso nei boschi del Trentino, attorniato dal profumo degli alberi autunnali, dal contrasto tra il silenzio dell’ambiente [&hellip;]</p>
