{"id":15750,"date":"2023-01-27T11:14:28","date_gmt":"2023-01-27T10:14:28","guid":{"rendered":"https:\/\/galleriaduepuntozero.com\/prodotto\/madonna-del-latte-con-san-giovannino-copia\/"},"modified":"2023-01-27T11:14:28","modified_gmt":"2023-01-27T10:14:28","slug":"madonna-del-latte-con-san-giovannino-copia","status":"publish","type":"product","link":"https:\/\/galleria20service.com\/en\/prodotto\/madonna-del-latte-con-san-giovannino-copia\/","title":{"rendered":"SOGNO"},"content":{"rendered":"<h3><em>DAL PROGETTO &#8220;DE-SIDERA&#8221; <\/em><\/h3>\n<h3><em><span style=\"color: #808080;\">FROM\u00a0 THE &#8220;DE-SIDERA&#8221; PROJECT<\/span><\/em><\/h3>\n<p>&nbsp;<\/p>\n<h3><strong>SPECIFICHE \/ <\/strong><span style=\"color: #808080;\"><strong>DETAILS<\/strong><\/span><\/h3>\n<section class=\"elementor-section elementor-top-section elementor-element elementor-element-13ac6c3 elementor-section-boxed elementor-section-height-default elementor-section-height-default parallax_section_no qode_elementor_container_no\" data-id=\"13ac6c3\" data-element_type=\"section\">\n<div class=\"elementor-container elementor-column-gap-default\">\n<div class=\"elementor-column elementor-col-100 elementor-top-column elementor-element elementor-element-863006f\" data-id=\"863006f\" data-element_type=\"column\">\n<div class=\"elementor-widget-wrap elementor-element-populated\">\n<div class=\"elementor-element elementor-element-179a850 elementor-widget elementor-widget-text-editor\" data-id=\"179a850\" data-element_type=\"widget\" data-widget_type=\"text-editor.default\">\n<div class=\"elementor-widget-container\">\n<p>fotografia in stampa fine art (carta hahnem\u00fchle photo rag 188 GSM, 100 % cotone)<br \/>\nsu pannello dibond 3 mm.<\/p>\n<p><em>fine art print photograph\u00a0<\/em><em>(hahnem\u00fchle\u00a0<\/em><em>photo rag paper 188\u00a0<\/em><em>GSM, 100 % cotton)<\/em><br \/>\n<em>on 3 mm dibond panel<\/em><\/p>\n<p>75\u00a0 x 50 cm | fotografia: 2016 stampata: 2022<\/p>\n<p>&nbsp;<\/p>\n<h3><strong>_STATEMENT<\/strong><\/h3>\n<\/div>\n<\/div>\n<\/div>\n<\/div>\n<\/div>\n<\/section>\n<div class=\"column\">\n<div class=\"page\" title=\"Page 50\">\n<div class=\"section\">\n<div class=\"layoutArea\">\n<div class=\"column\">\n<div class=\"page\" title=\"Page 56\">\n<div class=\"section\">\n<div class=\"layoutArea\">\n<div class=\"column\">\n<p>Il tempo dell\u2019anima, quello della nostra interiorit\u00e0, non equivale al tempo scandito cronologicamente dagli orologi. Per indicare questo concetto gli antichi greci usavano la parola \u03ba\u03b1\u03b9\u03c1\u03cc\u03c2 (kairos), letteralmente \u201ctempo nel mezzo\u201d. Un tempo dove ogni attimo pu\u00f2 essere quello decisivo.<\/p>\n<p>\u00c8 il tempo di questa fotografia, l\u2019istante fatale fra il precipitare e il volare, un equilibro sottile che non \u00e8 regolato dal ritmo delle lancette ma da quello del cuore.<\/p>\n<p>All\u2019interno di questo castello abbandonato un susseguirsi di questi equilibri invisibili, fra porte socchiuse verso stanze chiuse e scale crollate dinanzi a torri affrescate: una volta all\u2019interno di questa incredibile sala delle lettere, caleidoscopio di colori e di emozioni, la vita ci mette davanti alla perfetta sintesi di se stessa.<\/p>\n<p>\u00c8 la metafora della raffigurazione di Kairos, divinit\u00e0 alata inafferrabile con in mano una bilancia non in equilibro. E forse mai la sar\u00e0, se non nell\u2019attimo perfetto.<\/p>\n<\/div>\n<\/div>\n<\/div>\n<\/div>\n<p>&nbsp;<\/p>\n<\/div>\n<\/div>\n<\/div>\n<\/div>\n<\/div>\n<h3><span style=\"color: #808080;\"><strong>_STATEMENT<\/strong><\/span><\/h3>\n<div class=\"page\" title=\"Page 50\">\n<div class=\"section\">\n<div class=\"layoutArea\">\n<div class=\"column\">\n<section class=\"elementor-section elementor-top-section elementor-element elementor-element-e70a304 elementor-section-boxed elementor-section-height-default elementor-section-height-default parallax_section_no qode_elementor_container_no\" data-id=\"e70a304\" data-element_type=\"section\">\n<div class=\"elementor-container elementor-column-gap-default\">\n<div class=\"elementor-column elementor-col-100 elementor-top-column elementor-element elementor-element-ccb6ccd\" data-id=\"ccb6ccd\" data-element_type=\"column\">\n<div class=\"elementor-widget-wrap elementor-element-populated\">\n<div class=\"elementor-element elementor-element-5410bba elementor-widget elementor-widget-text-editor\" data-id=\"5410bba\" data-element_type=\"widget\" data-widget_type=\"text-editor.default\">\n<div class=\"elementor-widget-container\">\n<div class=\"page\" title=\"Page 52\">\n<div class=\"section\">\n<div class=\"layoutArea\">\n<div class=\"column\">\n<div class=\"page\" title=\"Page 56\">\n<div class=\"section\">\n<div class=\"layoutArea\">\n<div class=\"column\">\n<div class=\"page\" title=\"Page 56\">\n<div class=\"section\">\n<div class=\"layoutArea\">\n<div class=\"column\">\n<p>The time of the soul, that of our interiority, is not the same as the time marked chronologically by clocks. To indicate this concept, the ancient Greeks used the word \u03ba\u03b1\u03b9\u03c1\u03cc\u03c2 (kairos), literally \u201ctime in between\u201d. A time where every moment can be decisive.<\/p>\n<p>It is the time of this photograph, the fatal instant between falling and flying, a subtle balance that is not regulated by the rhythm of the hands but by that of the heart.<\/p>\n<p>Inside this abandoned castle, a succession of these invisible balances, between ajar doors leading to closed rooms and collapsed stairs in front of frescoed towers: once inside this incredible room of letters, a kaleidoscope of colors and emotions, life puts before the perfect synthesis of itself.<\/p>\n<p>It is the metaphor of the depiction of Kairos, an elusive winged deity holding an unbalanced scale in his hand. And maybe it never will be, if not in the perfect moment.<\/p>\n<\/div>\n<\/div>\n<\/div>\n<\/div>\n<\/div>\n<\/div>\n<\/div>\n<\/div>\n<\/div>\n<\/div>\n<\/div>\n<\/div>\n<\/div>\n<\/div>\n<\/div>\n<\/div>\n<\/div>\n<\/section>\n<\/div>\n<\/div>\n<\/div>\n<\/div>\n<p><!--more--><\/p>\n<h3><strong>_BIOGRAFIA<\/strong><\/h3>\n<div class=\"page\" title=\"Page 8\">\n<div class=\"section\">\n<div class=\"layoutArea\">\n<div class=\"column\">\n<p>Gabriele Gentile, in arte<span style=\"color: #ff0000;\">\u00a0<a style=\"color: #ff0000;\" href=\"https:\/\/www.vetroviola.it\/\" rel=\"nofollow noopener\" target=\"_blank\"><strong>Vetroviola<\/strong><\/a>,<\/span> nasce nel 1986 a Parma.<\/p>\n<p>Si avvicina da autodidatta alla fotografia digitale affascinato dalla possibilit\u00e0 di fissare un istante rendendolo eterno. Il tempo \u00e8 infatti al centro della sua ricerca: quello nostalgico del passato, dal quale resuscita antichi edifici oggi in decadenza, e quello del futuro, proiettato in visioni minimali di architetture moderne dalle forme avveniristiche e dai colori astratti.<br \/>\nE\u2019 stato pubblicato su importanti magazine d\u2019arte italiani e internazionali tra cui il prestigioso \u201cL\u2019oeil de la photographie\u201d. Ha esposto durante l\u2019anno in corso in varie citt\u00e0 italiane e tra i suoi pi\u00f9 recenti riconoscimenti annovera i premi al Moscow International Foto Awards e al Neutral Density Photography Awards con la serie \u201cDe-sidera\u201d, progetto fotografico dedicato ai luoghi abbandonati il cui libro \u201cPolvere a colori\u201d \u00e8 stato pubblicato nel 2022.<\/p>\n<p>&nbsp;<\/p>\n<div class=\"page\" title=\"Page 58\">\n<div class=\"section\">\n<div class=\"layoutArea\">\n<div class=\"column\">\n<p><span style=\"color: #ff0000;\"><a style=\"color: #ff0000;\" href=\"https:\/\/www.vetroviola.it\/de-sidera\/\" rel=\"nofollow noopener\" target=\"_blank\"><strong>IL PROGETTO \u201cDE-SIDERA\u201d<\/strong><\/a><\/span><\/p>\n<p>Un viaggio di anni lungo tutta l\u2019Italia alla ricerca di edifici abbandonati inaccessibili, il cui fascino non e\u0300 stato eroso ma sublimato dall\u2019azione del tempo, avvicinandolo a quell\u2019ideale romantico in cui piacere e paura, bellezza e mistero, si fondono insieme. [\u2026] Il profumo della polvere ancora intrisa di vita, il rumore sordo dei muri scrostati, i preziosi lampadari caduti: ritratti di architetture.<\/p>\n<p>All\u2019interno di questi ambienti il potere della fotografia di fermare il tempo diventa magia. [\u2026] Platone defini\u0300 il tempo come \u201cl\u2019immagine mobile dell\u2019eternita\u0300\u201d, segnando la stretta relazione fra la dimensione temporale e quella spaziale ma subordinando il tutto all\u2019eterno, esattamente come avviene dentro queste stanze. E\u0300 l\u2019eterno presente, in cui le impronte dell\u2019uomo sono ovunque e trasformano la sua mancanza in assenza.<\/p>\n<\/div>\n<\/div>\n<\/div>\n<\/div>\n<p>&nbsp;<\/p>\n<\/div>\n<\/div>\n<\/div>\n<\/div>\n<h3><span style=\"color: #808080;\"><strong>_BIOGRAPHY<\/strong><\/span><\/h3>\n<div class=\"page\" title=\"Page 8\">\n<div class=\"section\">\n<div class=\"layoutArea\">\n<div class=\"column\">\n<p>Gabriele Gentile, aka\u00a0<span style=\"color: #ff0000;\"><a style=\"color: #ff0000;\" href=\"https:\/\/www.vetroviola.it\/\" rel=\"nofollow noopener\" target=\"_blank\"><strong>Vetroviola,<\/strong><\/a><\/span>\u00a0was born in 1986 in Parma (Italy).<br \/>\nHe approaches digital photography as a self-taught, fascinated by the idea of fixing an instant making it eternal. Time is at the focus of his research, the nostalgic one of the past from which he resurrects ancient buildings now in decay, and the one of the future, projected in minimal visions of contemporary architecture with futuristic shapes and abstract colors.<br \/>\nHe has been published in major italian and international art magazines including the prestigious \u201cL\u2019oeil de la photographie.\u201d He has exhibited in the current year in various italian cities and his most recent awards include prizes at Moscow International Foto Awards and Neutral Density Photography Awards with the series \u201cDe-sidera,\u201d a photographic project dedicated to abandoned places whose book \u201cColoured dust\u201d was published in 2022.<\/p>\n<p>&nbsp;<\/p>\n<div class=\"page\" title=\"Page 58\">\n<div class=\"section\">\n<div class=\"layoutArea\">\n<div class=\"column\">\n<p><span style=\"color: #ff0000;\"><a style=\"color: #ff0000;\" href=\"https:\/\/www.vetroviola.it\/de-sidera\/\" rel=\"nofollow noopener\" target=\"_blank\"><strong>THE \u201cDE-SIDERA\u201d PROJECT<\/strong><\/a><\/span><\/p>\n<p>A years-long journey throughout Italy in search of inaccessible abandoned buildings, whose charm has not been eroded but sublimated by the action of time, bringing it closer to that romantic ideal in which pleasure and fear, beauty and mystery blend together. [\u2026] The scent of dust still imbued with life, the dull noise of peeling walls, the precious fallen chan- deliers: portraits of architecture.<\/p>\n<p>Within these environments the power of photography to stop time becomes magic. [\u2026] Plato defined time as \u201cthe mobile image of eternity\u201d, marking the close relationship between the temporal and spatial dimensions but subordinating everything to the eternal, exactly as happens inside these rooms. It is the eternal present, in which man\u2019s footprints are everywhere and transform his lack into absence.<\/p>\n<\/div>\n<\/div>\n<\/div>\n<\/div>\n<\/div>\n<\/div>\n<\/div>\n<\/div>\n","protected":false},"excerpt":{"rendered":"<p>DAL PROGETTO &#8220;DE-SIDERA&#8221; FROM\u00a0 THE &#8220;DE-SIDERA&#8221; PROJECT &nbsp; SPECIFICHE \/ DETAILS fotografia in stampa fine art (carta hahnem\u00fchle photo rag 188 GSM, 100 % cotone) su pannello dibond 3 mm. fine art print photograph\u00a0(hahnem\u00fchle\u00a0photo rag paper 188\u00a0GSM, 100 % cotton) on 3 mm dibond panel 75\u00a0 x 50 cm | fotografia: 2016 stampata: 2022 &nbsp; [&hellip;]<\/p>\n","protected":false},"featured_media":13469,"template":"","meta":{"_acf_changed":false,"rank_math_lock_modified_date":false},"product_cat":[274],"product_tag":[381,320,276],"class_list":{"0":"post-15750","1":"product","2":"type-product","3":"status-publish","4":"has-post-thumbnail","6":"product_cat-vetroviola-gabriele-gentile-en","7":"product_tag-improntedarte2022-en","8":"product_tag-opere-artisti-en","9":"product_tag-opere-eventi-en","11":"first","12":"outofstock","13":"shipping-taxable","14":"product-type-simple"},"acf":[],"_links":{"self":[{"href":"https:\/\/galleria20service.com\/en\/wp-json\/wp\/v2\/product\/15750"}],"collection":[{"href":"https:\/\/galleria20service.com\/en\/wp-json\/wp\/v2\/product"}],"about":[{"href":"https:\/\/galleria20service.com\/en\/wp-json\/wp\/v2\/types\/product"}],"wp:featuredmedia":[{"embeddable":true,"href":"https:\/\/galleria20service.com\/en\/wp-json\/wp\/v2\/media\/13469"}],"wp:attachment":[{"href":"https:\/\/galleria20service.com\/en\/wp-json\/wp\/v2\/media?parent=15750"}],"wp:term":[{"taxonomy":"product_cat","embeddable":true,"href":"https:\/\/galleria20service.com\/en\/wp-json\/wp\/v2\/product_cat?post=15750"},{"taxonomy":"product_tag","embeddable":true,"href":"https:\/\/galleria20service.com\/en\/wp-json\/wp\/v2\/product_tag?post=15750"}],"curies":[{"name":"wp","href":"https:\/\/api.w.org\/{rel}","templated":true}]}}

<h3><em>DAL PROGETTO &#8220;DE-SIDERA&#8221; </em></h3>
<h3><em><span style="color: #808080;">FROM  THE &#8220;DE-SIDERA&#8221; PROJECT</span></em></h3>
<p>&nbsp;</p>
<h3><strong>SPECIFICHE / </strong><span style="color: #808080;"><strong>DETAILS</strong></span></h3>
<section class="elementor-section elementor-top-section elementor-element elementor-element-13ac6c3 elementor-section-boxed elementor-section-height-default elementor-section-height-default parallax_section_no qode_elementor_container_no" data-id="13ac6c3" data-element_type="section">
<div class="elementor-container elementor-column-gap-default">
<div class="elementor-column elementor-col-100 elementor-top-column elementor-element elementor-element-863006f" data-id="863006f" data-element_type="column">
<div class="elementor-widget-wrap elementor-element-populated">
<div class="elementor-element elementor-element-179a850 elementor-widget elementor-widget-text-editor" data-id="179a850" data-element_type="widget" data-widget_type="text-editor.default">
<div class="elementor-widget-container">
<p>fotografia in stampa fine art (carta hahnemühle photo rag 188 GSM, 100 % cotone)<br />
su pannello dibond 3 mm.</p>
<p><em>fine art print photograph </em><em>(hahnemühle </em><em>photo rag paper 188 </em><em>GSM, 100 % cotton)</em><br />
<em>on 3 mm dibond panel</em></p>
<p>75  x 50 cm | fotografia: 2016 stampata: 2022</p>
<p>&nbsp;</p>
<h3><strong>_STATEMENT</strong></h3>
</div>
</div>
</div>
</div>
</div>
</section>
<div class="column">
<div class="page" title="Page 50">
<div class="section">
<div class="layoutArea">
<div class="column">
<div class="page" title="Page 56">
<div class="section">
<div class="layoutArea">
<div class="column">
<p>Il tempo dell’anima, quello della nostra interiorità, non equivale al tempo scandito cronologicamente dagli orologi. Per indicare questo concetto gli antichi greci usavano la parola καιρός (kairos), letteralmente “tempo nel mezzo”. Un tempo dove ogni attimo può essere quello decisivo.</p>
<p>È il tempo di questa fotografia, l’istante fatale fra il precipitare e il volare, un equilibro sottile che non è regolato dal ritmo delle lancette ma da quello del cuore.</p>
<p>All’interno di questo castello abbandonato un susseguirsi di questi equilibri invisibili, fra porte socchiuse verso stanze chiuse e scale crollate dinanzi a torri affrescate: una volta all’interno di questa incredibile sala delle lettere, caleidoscopio di colori e di emozioni, la vita ci mette davanti alla perfetta sintesi di se stessa.</p>
<p>È la metafora della raffigurazione di Kairos, divinità alata inafferrabile con in mano una bilancia non in equilibro. E forse mai la sarà, se non nell’attimo perfetto.</p>
</div>
</div>
</div>
</div>
<p>&nbsp;</p>
</div>
</div>
</div>
</div>
</div>
<h3><span style="color: #808080;"><strong>_STATEMENT</strong></span></h3>
<div class="page" title="Page 50">
<div class="section">
<div class="layoutArea">
<div class="column">
<section class="elementor-section elementor-top-section elementor-element elementor-element-e70a304 elementor-section-boxed elementor-section-height-default elementor-section-height-default parallax_section_no qode_elementor_container_no" data-id="e70a304" data-element_type="section">
<div class="elementor-container elementor-column-gap-default">
<div class="elementor-column elementor-col-100 elementor-top-column elementor-element elementor-element-ccb6ccd" data-id="ccb6ccd" data-element_type="column">
<div class="elementor-widget-wrap elementor-element-populated">
<div class="elementor-element elementor-element-5410bba elementor-widget elementor-widget-text-editor" data-id="5410bba" data-element_type="widget" data-widget_type="text-editor.default">
<div class="elementor-widget-container">
<div class="page" title="Page 52">
<div class="section">
<div class="layoutArea">
<div class="column">
<div class="page" title="Page 56">
<div class="section">
<div class="layoutArea">
<div class="column">
<div class="page" title="Page 56">
<div class="section">
<div class="layoutArea">
<div class="column">
<p>The time of the soul, that of our interiority, is not the same as the time marked chronologically by clocks. To indicate this concept, the ancient Greeks used the word καιρός (kairos), literally “time in between”. A time where every moment can be decisive.</p>
<p>It is the time of this photograph, the fatal instant between falling and flying, a subtle balance that is not regulated by the rhythm of the hands but by that of the heart.</p>
<p>Inside this abandoned castle, a succession of these invisible balances, between ajar doors leading to closed rooms and collapsed stairs in front of frescoed towers: once inside this incredible room of letters, a kaleidoscope of colors and emotions, life puts before the perfect synthesis of itself.</p>
<p>It is the metaphor of the depiction of Kairos, an elusive winged deity holding an unbalanced scale in his hand. And maybe it never will be, if not in the perfect moment.</p>
</div>
</div>
</div>
</div>
</div>
</div>
</div>
</div>
</div>
</div>
</div>
</div>
</div>
</div>
</div>
</div>
</div>
</section>
</div>
</div>
</div>
</div>
<p><!--more--></p>
<h3><strong>_BIOGRAFIA</strong></h3>
<div class="page" title="Page 8">
<div class="section">
<div class="layoutArea">
<div class="column">
<p>Gabriele Gentile, in arte<span style="color: #ff0000;"> <a style="color: #ff0000;" href="https://www.vetroviola.it/" rel="nofollow noopener" target="_blank"><strong>Vetroviola</strong></a>,</span> nasce nel 1986 a Parma.</p>
<p>Si avvicina da autodidatta alla fotografia digitale affascinato dalla possibilità di fissare un istante rendendolo eterno. Il tempo è infatti al centro della sua ricerca: quello nostalgico del passato, dal quale resuscita antichi edifici oggi in decadenza, e quello del futuro, proiettato in visioni minimali di architetture moderne dalle forme avveniristiche e dai colori astratti.<br />
E’ stato pubblicato su importanti magazine d’arte italiani e internazionali tra cui il prestigioso “L’oeil de la photographie”. Ha esposto durante l’anno in corso in varie città italiane e tra i suoi più recenti riconoscimenti annovera i premi al Moscow International Foto Awards e al Neutral Density Photography Awards con la serie “De-sidera”, progetto fotografico dedicato ai luoghi abbandonati il cui libro “Polvere a colori” è stato pubblicato nel 2022.</p>
<p>&nbsp;</p>
<div class="page" title="Page 58">
<div class="section">
<div class="layoutArea">
<div class="column">
<p><span style="color: #ff0000;"><a style="color: #ff0000;" href="https://www.vetroviola.it/de-sidera/" rel="nofollow noopener" target="_blank"><strong>IL PROGETTO “DE-SIDERA”</strong></a></span></p>
<p>Un viaggio di anni lungo tutta l’Italia alla ricerca di edifici abbandonati inaccessibili, il cui fascino non è stato eroso ma sublimato dall’azione del tempo, avvicinandolo a quell’ideale romantico in cui piacere e paura, bellezza e mistero, si fondono insieme. […] Il profumo della polvere ancora intrisa di vita, il rumore sordo dei muri scrostati, i preziosi lampadari caduti: ritratti di architetture.</p>
<p>All’interno di questi ambienti il potere della fotografia di fermare il tempo diventa magia. […] Platone definì il tempo come “l’immagine mobile dell’eternità”, segnando la stretta relazione fra la dimensione temporale e quella spaziale ma subordinando il tutto all’eterno, esattamente come avviene dentro queste stanze. È l’eterno presente, in cui le impronte dell’uomo sono ovunque e trasformano la sua mancanza in assenza.</p>
</div>
</div>
</div>
</div>
<p>&nbsp;</p>
</div>
</div>
</div>
</div>
<h3><span style="color: #808080;"><strong>_BIOGRAPHY</strong></span></h3>
<div class="page" title="Page 8">
<div class="section">
<div class="layoutArea">
<div class="column">
<p>Gabriele Gentile, aka <span style="color: #ff0000;"><a style="color: #ff0000;" href="https://www.vetroviola.it/" rel="nofollow noopener" target="_blank"><strong>Vetroviola,</strong></a></span> was born in 1986 in Parma (Italy).<br />
He approaches digital photography as a self-taught, fascinated by the idea of fixing an instant making it eternal. Time is at the focus of his research, the nostalgic one of the past from which he resurrects ancient buildings now in decay, and the one of the future, projected in minimal visions of contemporary architecture with futuristic shapes and abstract colors.<br />
He has been published in major italian and international art magazines including the prestigious “L’oeil de la photographie.” He has exhibited in the current year in various italian cities and his most recent awards include prizes at Moscow International Foto Awards and Neutral Density Photography Awards with the series “De-sidera,” a photographic project dedicated to abandoned places whose book “Coloured dust” was published in 2022.</p>
<p>&nbsp;</p>
<div class="page" title="Page 58">
<div class="section">
<div class="layoutArea">
<div class="column">
<p><span style="color: #ff0000;"><a style="color: #ff0000;" href="https://www.vetroviola.it/de-sidera/" rel="nofollow noopener" target="_blank"><strong>THE “DE-SIDERA” PROJECT</strong></a></span></p>
<p>A years-long journey throughout Italy in search of inaccessible abandoned buildings, whose charm has not been eroded but sublimated by the action of time, bringing it closer to that romantic ideal in which pleasure and fear, beauty and mystery blend together. […] The scent of dust still imbued with life, the dull noise of peeling walls, the precious fallen chan- deliers: portraits of architecture.</p>
<p>Within these environments the power of photography to stop time becomes magic. […] Plato defined time as “the mobile image of eternity”, marking the close relationship between the temporal and spatial dimensions but subordinating everything to the eternal, exactly as happens inside these rooms. It is the eternal present, in which man’s footprints are everywhere and transform his lack into absence.</p>
</div>
</div>
</div>
</div>
</div>
</div>
</div>
</div>

<p>DAL PROGETTO &#8220;DE-SIDERA&#8221; FROM  THE &#8220;DE-SIDERA&#8221; PROJECT &nbsp; SPECIFICHE / DETAILS fotografia in stampa fine art (carta hahnemühle photo rag 188 GSM, 100 % cotone) su pannello dibond 3 mm. fine art print photograph (hahnemühle photo rag paper 188 GSM, 100 % cotton) on 3 mm dibond panel 75  x 50 cm | fotografia: 2016 stampata: 2022 &nbsp; [&hellip;]</p>
